{"id":10,"date":"2017-09-20T18:33:40","date_gmt":"2017-09-20T21:33:40","guid":{"rendered":"http:\/\/padrevasquez.com.ar\/inicio_WP\/?page_id=10"},"modified":"2021-02-18T09:36:47","modified_gmt":"2021-02-18T12:36:47","slug":"contacto","status":"publish","type":"page","link":"https:\/\/padrevasquez.com.ar\/inicio_WP\/contacto\/","title":{"rendered":"Contacto"},"content":{"rendered":"<h3 style=\"text-align: center;\"><span style=\"color: #ff0000;\"><em>Recuerde seleccionar adecuadamente el DESTINO para su mejor atenci\u00f3n.<\/em><\/span><\/h3>\n<h3 style=\"text-align: center;\">Para enviar Curr\u00edculum Vitae seleccione: <em><span style=\"color: #ff0000;\">Recursos humanos: Envio de CV<\/span><\/em><\/h3>\n<p><strong>Observaci\u00f3n:<\/strong> Debido a algunos problemas de hosting, ajenos a la Instituci\u00f3n, si se presenta alg\u00fan tipo de problema durante la carga de la informaci\u00f3n, pruebe enviar los documentos sin compactar, simplemente seleccion\u00e1ndolos presionando simult\u00e1nemente la tecla <em><strong>CTRL<\/strong><\/em>.<\/p>\n\n<div class=\"wpcf7 no-js\" id=\"wpcf7-f16-o1\" lang=\"es-AR\" dir=\"ltr\">\n<div class=\"screen-reader-response\"><p role=\"status\" aria-live=\"polite\" aria-atomic=\"true\"><\/p> <ul><\/ul><\/div>\n<form action=\"\/inicio_WP\/wp-json\/wp\/v2\/pages\/10#wpcf7-f16-o1\" method=\"post\" class=\"wpcf7-form init\" aria-label=\"Formulario de contacto\" enctype=\"multipart\/form-data\" novalidate=\"novalidate\" data-status=\"init\">\n<div style=\"display: none;\">\n<input type=\"hidden\" name=\"_wpcf7\" value=\"16\" \/>\n<input type=\"hidden\" name=\"_wpcf7_version\" value=\"5.7.4\" \/>\n<input type=\"hidden\" name=\"_wpcf7_locale\" value=\"es_AR\" \/>\n<input type=\"hidden\" name=\"_wpcf7_unit_tag\" value=\"wpcf7-f16-o1\" \/>\n<input type=\"hidden\" name=\"_wpcf7_container_post\" value=\"0\" \/>\n<input type=\"hidden\" name=\"_wpcf7_posted_data_hash\" value=\"\" \/>\n<input type=\"hidden\" name=\"_wpcf7_recaptcha_response\" value=\"\" \/>\n<\/div>\n<p> Nombre y Apellido<br \/>\n<span class=\"wpcf7-form-control-wrap\" data-name=\"your-name\"><input size=\"40\" class=\"wpcf7-form-control wpcf7-text wpcf7-validates-as-required\" aria-required=\"true\" aria-invalid=\"false\" placeholder=\"--- Obligatorio ---\" value=\"\" type=\"text\" name=\"your-name\" \/><\/span>\n<\/p>\n<p> Correo electr\u00f3nico<br \/>\n<span class=\"wpcf7-form-control-wrap\" data-name=\"your-email\"><input size=\"40\" class=\"wpcf7-form-control wpcf7-text wpcf7-email wpcf7-validates-as-required wpcf7-validates-as-email\" aria-required=\"true\" aria-invalid=\"false\" placeholder=\"--- Obligatorio ---\" value=\"\" type=\"email\" name=\"your-email\" \/><\/span>\n<\/p>\n<p> Tel\u00e9fono<br \/>\n<span class=\"wpcf7-form-control-wrap\" data-name=\"telefono\"><input size=\"40\" class=\"wpcf7-form-control wpcf7-text\" aria-invalid=\"false\" placeholder=\"--- Tel\u00e9fono no obligatorio ---\" value=\"\" type=\"text\" name=\"telefono\" \/><\/span>\n<\/p>\n<p> Elija el destino<br \/>\n<span class=\"wpcf7-form-control-wrap\" data-name=\"menu-583\"><select class=\"wpcf7-form-control wpcf7-select wpcf7-validates-as-required\" aria-required=\"true\" aria-invalid=\"false\" name=\"menu-583\"><option value=\"\">&#8212;Por favor, eleg\u00ed una opci\u00f3n&#8212;<\/option><option value=\"Apoderado Legal\">Apoderado Legal<\/option><option value=\"Contadur\u00eda\">Contadur\u00eda<\/option><option value=\"Cobranzas\">Cobranzas<\/option><option value=\"Recursos humanos: Envio de CV\">Recursos humanos: Envio de CV<\/option><option value=\"Direcci\u00f3n de Nivel Inicial\">Direcci\u00f3n de Nivel Inicial<\/option><option value=\"Direcci\u00f3n de Nivel Primario\">Direcci\u00f3n de Nivel Primario<\/option><option value=\"Direcci\u00f3n de Nivel Secundario\">Direcci\u00f3n de Nivel Secundario<\/option><option value=\"Superior Orden de La Merced en Maip\u00fa\">Superior Orden de La Merced en Maip\u00fa<\/option><option value=\"Administraci\u00f3n Web\">Administraci\u00f3n Web<\/option><\/select><\/span>\n<\/p>\n<p> Asunto<br \/>\n<span class=\"wpcf7-form-control-wrap\" data-name=\"your-subject\"><input size=\"40\" class=\"wpcf7-form-control wpcf7-text wpcf7-validates-as-required\" aria-required=\"true\" aria-invalid=\"false\" placeholder=\"--- Obligatorio ---\" value=\"\" type=\"text\" name=\"your-subject\" \/><\/span>\n<\/p>\n<p> Mensaje<br \/>\n<span class=\"wpcf7-form-control-wrap\" data-name=\"your-message\"><textarea cols=\"40\" rows=\"10\" class=\"wpcf7-form-control wpcf7-textarea\" aria-invalid=\"false\" name=\"your-message\"><\/textarea><\/span>\n<\/p>\n<p> Archivo adjunto (zip|pdf|txt|doc|docx|png|jpg) o varios compactados en formato zip.<br \/>\n<span class=\"wpcf7-form-control-wrap\" data-name=\"file-309\"><input size=\"40\" class=\"wpcf7-form-control wpcf7-file\" accept=\".zip,.pdf,.txt,.doc,.docx,.png,.jpg\" aria-invalid=\"false\" type=\"file\" name=\"file-309\" \/><\/span>\n<\/p>\n<div style=\u201dclear: both;\u201d>\n\t<p>&nbsp;\n\t<\/p>\n<\/div>\n<p><input class=\"wpcf7-form-control has-spinner wpcf7-submit\" type=\"submit\" value=\"Enviar consulta\" \/>\n<\/p><div class=\"wpcf7-response-output\" aria-hidden=\"true\"><\/div>\n<\/form>\n<\/div>\n\n<table border=\"0\" width=\"100%\">\n<tbody>\n<tr>\n<td style=\"text-align: center;\">\n<h3>Padre V\u00e1squez 150<\/h3>\n<h3>Maip\u00fa (CP 5515)<\/h3>\n<h3>Mendoza, Argentina<\/h3>\n<h3>Tel. +54 261 4972300<\/h3>\n<\/td>\n<td style=\"text-align: center;\" width=\"50%\">\n<h2><a href=\"https:\/\/www.google.com.ar\/maps\/place\/Instituto+Padre+Vasquez\/@-32.9848626,-68.7892384,17z\/data=!4m13!1m7!3m6!1s0x967e0c960c574809:0x57621966b9559a27!2sMaip%C3%BA,+Provincia+de+Mendoza!3b1!8m2!3d-32.9846649!4d-68.7884399!3m4!1s0x0:0x746ceb26ba6b91aa!8m2!3d-32.984584!4d-68.7892789\" target=\"_blank\" rel=\"noopener noreferrer\">Ubicaci\u00f3n GPS<\/a><\/h2>\n<p>-32.984592 [32\u00b0 59&#8242; 04&#8243; S]<\/p>\n<p>-68.789286 [68\u00b0 47&#8242; 21&#8243; W]<\/td>\n<\/tr>\n<\/tbody>\n<\/table>\n<p>Para enviar Curr\u00edculum Vitae tambi\u00e9n puede hacerlo desde su propia cuenta de correo, enviando un email a la direcci\u00f3n <span style=\"color: #ff0000;\"><em><strong>rrhh@padrevasquez.com.ar<\/strong><\/em><\/span> y como <em><strong>Asunto<\/strong>: Envio de CV<\/em><\/p>\n<div class=\"pdfprnt-buttons pdfprnt-buttons-page pdfprnt-bottom-right\"><a href=\"https:\/\/padrevasquez.com.ar\/inicio_WP\/wp-json\/wp\/v2\/pages\/10?print=pdf\" class=\"pdfprnt-button pdfprnt-button-pdf\" target=\"_blank\"><img src=\"https:\/\/padrevasquez.com.ar\/inicio_WP\/wp-content\/plugins\/pdf-print\/images\/pdf.png\" alt=\"image_pdf\" title=\"View PDF\" \/><span class=\"pdfprnt-button-title pdfprnt-button-pdf-title\">Convertir a PDF<\/span><\/a><a href=\"https:\/\/padrevasquez.com.ar\/inicio_WP\/wp-json\/wp\/v2\/pages\/10?print=print\" class=\"pdfprnt-button pdfprnt-button-print\" target=\"_blank\"><img src=\"https:\/\/padrevasquez.com.ar\/inicio_WP\/wp-content\/plugins\/pdf-print\/images\/print.png\" alt=\"image_print\" title=\"Print Content\" \/><span class=\"pdfprnt-button-title pdfprnt-button-print-title\">Imprimir<\/span><\/a><\/div>","protected":false},"excerpt":{"rendered":"<p>Recuerde seleccionar adecuadamente el DESTINO para su mejor atenci\u00f3n. Para enviar Curr\u00edculum Vitae seleccione: Recursos humanos: Envio de CV Observaci\u00f3n: Debido a algunos problemas de hosting, ajenos a la Instituci\u00f3n, si se presenta alg\u00fan tipo de problema durante la carga de la informaci\u00f3n, pruebe enviar los documentos sin compactar, simplemente seleccion\u00e1ndolos presionando simult\u00e1nemente la tecla CTRL. Padre V\u00e1squez 150 Maip\u00fa (CP 5515) Mendoza, Argentina Tel. +54 261 4972300 Ubicaci\u00f3n GPS -32.984592 [32\u00b0 59&#8242; 04&#8243; S] -68.789286 [68\u00b0 47&#8242; 21&#8243; W] <a href=\"https:\/\/padrevasquez.com.ar\/inicio_WP\/contacto\/\" class=\"more-link\"><span>. . .<\/span><\/a><\/p>\n","protected":false},"author":1,"featured_media":0,"parent":0,"menu_order":0,"comment_status":"closed","ping_status":"closed","template":"","meta":{"_themeisle_gutenberg_block_has_review":false},"_links":{"self":[{"href":"https:\/\/padrevasquez.com.ar\/inicio_WP\/wp-json\/wp\/v2\/pages\/10"}],"collection":[{"href":"https:\/\/padrevasquez.com.ar\/inicio_WP\/wp-json\/wp\/v2\/pages"}],"about":[{"href":"https:\/\/padrevasquez.com.ar\/inicio_WP\/wp-json\/wp\/v2\/types\/page"}],"author":[{"embeddable":true,"href":"https:\/\/padrevasquez.com.ar\/inicio_WP\/wp-json\/wp\/v2\/users\/1"}],"replies":[{"embeddable":true,"href":"https:\/\/padrevasquez.com.ar\/inicio_WP\/wp-json\/wp\/v2\/comments?post=10"}],"version-history":[{"count":24,"href":"https:\/\/padrevasquez.com.ar\/inicio_WP\/wp-json\/wp\/v2\/pages\/10\/revisions"}],"predecessor-version":[{"id":1344,"href":"https:\/\/padrevasquez.com.ar\/inicio_WP\/wp-json\/wp\/v2\/pages\/10\/revisions\/1344"}],"wp:attachment":[{"href":"https:\/\/padrevasquez.com.ar\/inicio_WP\/wp-json\/wp\/v2\/media?parent=10"}],"curies":[{"name":"wp","href":"https:\/\/api.w.org\/{rel}","templated":true}]}}