{"id":165,"date":"2017-09-21T10:12:11","date_gmt":"2017-09-21T13:12:11","guid":{"rendered":"http:\/\/padrevasquez.com.ar\/inicio_WP\/?page_id=165"},"modified":"2020-11-11T10:02:39","modified_gmt":"2020-11-11T13:02:39","slug":"pastoral","status":"publish","type":"page","link":"https:\/\/padrevasquez.com.ar\/inicio_WP\/pastoral\/","title":{"rendered":"Pastoral"},"content":{"rendered":"<h1 style=\"text-align: center;\">Pastoral<\/h1>\n<p>Parte del mensaje del <em><strong>S\u00ednodo de los Obispos al Pueblo de Dios<\/strong><\/em> (Vaticano, 26 de Octubre de 2012) dice:<\/p>\n<blockquote><p><em>\u201cConducir a los hombres y las mujeres de nuestro tiempo hacia Jes\u00fas, al encuentro con \u00c9l, es una urgencia que aparece en todas las regiones, tanto las de antigua como las de reciente evangelizaci\u00f3n. En todos los lugares se siente la necesidad de reavivar una fe que corre el riesgo de apagarse en contextos culturales que obstaculizan su enraizamiento personal, su presencia social, la claridad de sus contenidos y sus frutos coherentes.<\/em><\/p>\n<p><em>No se trata de comenzar todo de nuevo, sino \u2013con el \u00e1nimo apost\u00f3lico de Pablo, el cual afirma:<\/em><\/p>\n<p style=\"text-align: center;\"><em>\u201c\u00a1Ay de m\u00ed si no anuncio el Evangelio!\u201d (1 Cor 9,16),<\/em><\/p>\n<p><em>de insertarse en el largo camino de proclamaci\u00f3n del Evangelio que, desde los primeros siglos de la era cristiana hasta el presente, ha recorrido la historia y ha edificado comunidades de creyentes por toda la tierra. Por peque\u00f1as o grandes que sean, estas con el fruto de la entrega de tantos misioneros y de no pocos m\u00e1rtires, de generaciones de testigos de Jes\u00fas, de los cuales guardamos una memoria agradecida\u201d<\/em><\/p><\/blockquote>\n<p>A trav\u00e9s de este espacio, el Colegio e Instituto Padre V\u00e1squez les facilita el acceso a la Sagrada Biblia, a la Palabra del D\u00eda (Evangelio diario) y al santoral correspondiente.<\/p>\n<h1 style=\"text-align: center;\"><em><strong>Convento de Nuestra Se\u00f1ora de La Merced<\/strong><\/em><\/h1>\n<h2>Horarios de Actividades<\/h2>\n<h2>Verano 2020<\/h2>\n<p><strong>Lunes a Viernes:<\/strong><\/p>\n<blockquote><p>Santa Misa a las 19:00hs<\/p><\/blockquote>\n<p><strong>S\u00e1bados:<br \/>\n<\/strong><\/p>\n<blockquote><p>Santa Misa a las 20:00hs<\/p><\/blockquote>\n<p><strong>Domingos: <\/strong><\/p>\n<blockquote><p>Santa Misa a las 09:00hs, 11:00hs y 20:00hs<\/p><\/blockquote>\n<p><span style=\"color: #800080;\"><strong>Visita al Sant\u00edsimo Sacramento:<\/strong><\/span><\/p>\n<blockquote><p><strong>Viernes:<\/strong> 18:00hs a 19:00hs<\/p><\/blockquote>\n<p style=\"text-align: left;\"><span style=\"color: #800080;\"><strong>Primer Viernes de mes:<\/strong><\/span><\/p>\n<blockquote><p>Adoraci\u00f3n Eucar\u00edstica a las 18:00hs<\/p><\/blockquote>\n<p><span style=\"color: #800080;\"><strong>Confesiones <\/strong><\/span>(seg\u00fan la disponibilidad de los Sacerdotes)<strong><br \/>\n<\/strong><\/p>\n<ul>\n<li><strong>Lunes a Viernes: <\/strong> 17:00hs a 18:00hs (con turno previo)<\/li>\n<\/ul>\n<blockquote><p>Le preguntaba un amigo a otro que sal\u00eda de una iglesia de rezar: \u00bfQu\u00e9 ganas t\u00fa rezando? El interpelado, sinceramente y sin timidez alguna, le respondi\u00f3: No s\u00e9 lo que gano, pero pierdo odio, vanidad, falsedad, envidia, prisas, agobios, estr\u00e9s e hipocres\u00eda. No se lo que gano en este lugar tranquilo que es la iglesia, pero s\u00f3lo s\u00e9, que cuando voy pierdo soberbia, taca\u00f1er\u00eda, debilidad, confusi\u00f3n y soledad.<\/p><\/blockquote>\n<p style=\"text-align: right;\"><em>Palabras iniciales de Fray H\u00e9ctor Escudero, en su homil\u00eda del domingo 22 de Julio de 2018.<\/em><\/p>\n<p>&nbsp;<\/p>\n<p>Por favor, emplee el <a href=\"https:\/\/padrevasquez.com.ar\/inicio_WP\/contacto\/\">formulario de contacto<\/a> para realizar consultas, porque puede dirigir mejor su consulta. Gracias.<\/p>\n<div class=\"pdfprnt-buttons pdfprnt-buttons-page pdfprnt-bottom-right\"><a href=\"https:\/\/padrevasquez.com.ar\/inicio_WP\/wp-json\/wp\/v2\/pages\/165?print=pdf\" class=\"pdfprnt-button pdfprnt-button-pdf\" target=\"_blank\"><img src=\"https:\/\/padrevasquez.com.ar\/inicio_WP\/wp-content\/plugins\/pdf-print\/images\/pdf.png\" alt=\"image_pdf\" title=\"View PDF\" \/><span class=\"pdfprnt-button-title pdfprnt-button-pdf-title\">Convertir a PDF<\/span><\/a><a href=\"https:\/\/padrevasquez.com.ar\/inicio_WP\/wp-json\/wp\/v2\/pages\/165?print=print\" class=\"pdfprnt-button pdfprnt-button-print\" target=\"_blank\"><img src=\"https:\/\/padrevasquez.com.ar\/inicio_WP\/wp-content\/plugins\/pdf-print\/images\/print.png\" alt=\"image_print\" title=\"Print Content\" \/><span class=\"pdfprnt-button-title pdfprnt-button-print-title\">Imprimir<\/span><\/a><\/div>","protected":false},"excerpt":{"rendered":"<p>Pastoral Parte del mensaje del S\u00ednodo de los Obispos al Pueblo de Dios (Vaticano, 26 de Octubre de 2012) dice: \u201cConducir a los hombres y las mujeres de nuestro tiempo hacia Jes\u00fas, al encuentro con \u00c9l, es una urgencia que aparece en todas las regiones, tanto las de antigua como las de reciente evangelizaci\u00f3n. En todos los lugares se siente la necesidad de reavivar una fe que corre el riesgo de apagarse en contextos culturales que obstaculizan su enraizamiento personal, <a href=\"https:\/\/padrevasquez.com.ar\/inicio_WP\/pastoral\/\" class=\"more-link\"><span>. . .<\/span><\/a><\/p>\n","protected":false},"author":1,"featured_media":0,"parent":0,"menu_order":0,"comment_status":"closed","ping_status":"closed","template":"","meta":{"_themeisle_gutenberg_block_has_review":false},"_links":{"self":[{"href":"https:\/\/padrevasquez.com.ar\/inicio_WP\/wp-json\/wp\/v2\/pages\/165"}],"collection":[{"href":"https:\/\/padrevasquez.com.ar\/inicio_WP\/wp-json\/wp\/v2\/pages"}],"about":[{"href":"https:\/\/padrevasquez.com.ar\/inicio_WP\/wp-json\/wp\/v2\/types\/page"}],"author":[{"embeddable":true,"href":"https:\/\/padrevasquez.com.ar\/inicio_WP\/wp-json\/wp\/v2\/users\/1"}],"replies":[{"embeddable":true,"href":"https:\/\/padrevasquez.com.ar\/inicio_WP\/wp-json\/wp\/v2\/comments?post=165"}],"version-history":[{"count":22,"href":"https:\/\/padrevasquez.com.ar\/inicio_WP\/wp-json\/wp\/v2\/pages\/165\/revisions"}],"predecessor-version":[{"id":1291,"href":"https:\/\/padrevasquez.com.ar\/inicio_WP\/wp-json\/wp\/v2\/pages\/165\/revisions\/1291"}],"wp:attachment":[{"href":"https:\/\/padrevasquez.com.ar\/inicio_WP\/wp-json\/wp\/v2\/media?parent=165"}],"curies":[{"name":"wp","href":"https:\/\/api.w.org\/{rel}","templated":true}]}}

<h1 style="text-align: center;">Pastoral</h1>
<p>Parte del mensaje del <em><strong>Sínodo de los Obispos al Pueblo de Dios</strong></em> (Vaticano, 26 de Octubre de 2012) dice:</p>
<blockquote><p><em>“Conducir a los hombres y las mujeres de nuestro tiempo hacia Jesús, al encuentro con Él, es una urgencia que aparece en todas las regiones, tanto las de antigua como las de reciente evangelización. En todos los lugares se siente la necesidad de reavivar una fe que corre el riesgo de apagarse en contextos culturales que obstaculizan su enraizamiento personal, su presencia social, la claridad de sus contenidos y sus frutos coherentes.</em></p>
<p><em>No se trata de comenzar todo de nuevo, sino –con el ánimo apostólico de Pablo, el cual afirma:</em></p>
<p style="text-align: center;"><em>“¡Ay de mí si no anuncio el Evangelio!” (1 Cor 9,16),</em></p>
<p><em>de insertarse en el largo camino de proclamación del Evangelio que, desde los primeros siglos de la era cristiana hasta el presente, ha recorrido la historia y ha edificado comunidades de creyentes por toda la tierra. Por pequeñas o grandes que sean, estas con el fruto de la entrega de tantos misioneros y de no pocos mártires, de generaciones de testigos de Jesús, de los cuales guardamos una memoria agradecida”</em></p></blockquote>
<p>A través de este espacio, el Colegio e Instituto Padre Vásquez les facilita el acceso a la Sagrada Biblia, a la Palabra del Día (Evangelio diario) y al santoral correspondiente.</p>
<h1 style="text-align: center;"><em><strong>Convento de Nuestra Señora de La Merced</strong></em></h1>
<h2>Horarios de Actividades</h2>
<h2>Verano 2020</h2>
<p><strong>Lunes a Viernes:</strong></p>
<blockquote><p>Santa Misa a las 19:00hs</p></blockquote>
<p><strong>Sábados:<br />
</strong></p>
<blockquote><p>Santa Misa a las 20:00hs</p></blockquote>
<p><strong>Domingos: </strong></p>
<blockquote><p>Santa Misa a las 09:00hs, 11:00hs y 20:00hs</p></blockquote>
<p><span style="color: #800080;"><strong>Visita al Santísimo Sacramento:</strong></span></p>
<blockquote><p><strong>Viernes:</strong> 18:00hs a 19:00hs</p></blockquote>
<p style="text-align: left;"><span style="color: #800080;"><strong>Primer Viernes de mes:</strong></span></p>
<blockquote><p>Adoración Eucarística a las 18:00hs</p></blockquote>
<p><span style="color: #800080;"><strong>Confesiones </strong></span>(según la disponibilidad de los Sacerdotes)<strong><br />
</strong></p>
<ul>
<li><strong>Lunes a Viernes: </strong> 17:00hs a 18:00hs (con turno previo)</li>
</ul>
<blockquote><p>Le preguntaba un amigo a otro que salía de una iglesia de rezar: ¿Qué ganas tú rezando? El interpelado, sinceramente y sin timidez alguna, le respondió: No sé lo que gano, pero pierdo odio, vanidad, falsedad, envidia, prisas, agobios, estrés e hipocresía. No se lo que gano en este lugar tranquilo que es la iglesia, pero sólo sé, que cuando voy pierdo soberbia, tacañería, debilidad, confusión y soledad.</p></blockquote>
<p style="text-align: right;"><em>Palabras iniciales de Fray Héctor Escudero, en su homilía del domingo 22 de Julio de 2018.</em></p>
<p>&nbsp;</p>
<p>Por favor, emplee el <a href="https://padrevasquez.com.ar/inicio_WP/contacto/">formulario de contacto</a> para realizar consultas, porque puede dirigir mejor su consulta. Gracias.</p>
<div class="pdfprnt-buttons pdfprnt-buttons-page pdfprnt-bottom-right"><a href="https://padrevasquez.com.ar/inicio_WP/wp-json/wp/v2/pages/165?print=pdf" class="pdfprnt-button pdfprnt-button-pdf" target="_blank"><img src="https://padrevasquez.com.ar/inicio_WP/wp-content/plugins/pdf-print/images/pdf.png" alt="image_pdf" title="View PDF" /><span class="pdfprnt-button-title pdfprnt-button-pdf-title">Convertir a PDF</span></a><a href="https://padrevasquez.com.ar/inicio_WP/wp-json/wp/v2/pages/165?print=print" class="pdfprnt-button pdfprnt-button-print" target="_blank"><img src="https://padrevasquez.com.ar/inicio_WP/wp-content/plugins/pdf-print/images/print.png" alt="image_print" title="Print Content" /><span class="pdfprnt-button-title pdfprnt-button-print-title">Imprimir</span></a></div>

<p>Pastoral Parte del mensaje del Sínodo de los Obispos al Pueblo de Dios (Vaticano, 26 de Octubre de 2012) dice: “Conducir a los hombres y las mujeres de nuestro tiempo hacia Jesús, al encuentro con Él, es una urgencia que aparece en todas las regiones, tanto las de antigua como las de reciente evangelización. En todos los lugares se siente la necesidad de reavivar una fe que corre el riesgo de apagarse en contextos culturales que obstaculizan su enraizamiento personal, <a href="https://padrevasquez.com.ar/inicio_WP/pastoral/" class="more-link"><span>. . .</span></a></p>
