{"id":309,"date":"2017-09-22T18:38:19","date_gmt":"2017-09-22T21:38:19","guid":{"rendered":"http:\/\/padrevasquez.com.ar\/inicio_WP\/?page_id=309"},"modified":"2020-11-11T09:33:43","modified_gmt":"2020-11-11T12:33:43","slug":"derecho-de-readmision","status":"publish","type":"page","link":"https:\/\/padrevasquez.com.ar\/inicio_WP\/derecho-de-readmision\/","title":{"rendered":"Derecho de readmisi\u00f3n"},"content":{"rendered":"<h1 style=\"text-align: center;\">Derecho de readmisi\u00f3n<\/h1>\n<p>En lo que sigue, cuando se de diga &#8220;La Instituci\u00f3n&#8221;, se debe entender al &#8220;Colegio e Instituto Privado Padre V\u00e1squez&#8221;, sea en el Nivel Inicial, Nivel Primario y\/o Nivel Secundario, seg\u00fan corresponda. La Orden de la Merced es la propietaria legal de La Instituci\u00f3n.<\/p>\n<p>LA INSTITUCI\u00d3N se reserva el Derecho de Admisi\u00f3n. Las Madres, Padres y\/o Tutores responsables de los menores con la simple inscripci\u00f3n de los estudiantes en LA INSTITUCI\u00d3N se notifican y aceptan que:<\/p>\n<ul>\n<li>Los estudiantes que no logren la promoci\u00f3n al curso superior (repetidores) no tendr\u00e1n derecho a reclamar vacante para el ciclo lectivo siguiente.<\/li>\n<li>La admisi\u00f3n como repetidor quedara sujeta a la exclusiva decisi\u00f3n de las autoridades de la Instituci\u00f3n y\/o del Consejo de Profesores o Docentes, dejando expresamente constancia de que no aceptar\u00e1n estudiantes que en a\u00f1os anteriores hayan repetido cursos, estudiantes cuya conducta haya sido &#8220;<em><strong>no satisfactoria<\/strong><\/em>\u201d de acuerdo a los objetivos de Proyecto Educativo Institucional (PEI) y el Proyecto Educativo Pastoral Institucional (PEPI), ni estudiantes que registren sanciones disciplinarias.<\/li>\n<\/ul>\n<p>Las mencionadas causas para no admitir a un estudiante repetidor son simplemente enunciativas y en ning\u00fan caso excluyentes de otras que las Autoridades Institucionales determinen oportunamente.<\/p>\n<p>&nbsp;<\/p>\n<div class=\"pdfprnt-buttons pdfprnt-buttons-page pdfprnt-bottom-right\"><a href=\"https:\/\/padrevasquez.com.ar\/inicio_WP\/wp-json\/wp\/v2\/pages\/309?print=pdf\" class=\"pdfprnt-button pdfprnt-button-pdf\" target=\"_blank\"><img src=\"https:\/\/padrevasquez.com.ar\/inicio_WP\/wp-content\/plugins\/pdf-print\/images\/pdf.png\" alt=\"image_pdf\" title=\"View PDF\" \/><span class=\"pdfprnt-button-title pdfprnt-button-pdf-title\">Convertir a PDF<\/span><\/a><a href=\"https:\/\/padrevasquez.com.ar\/inicio_WP\/wp-json\/wp\/v2\/pages\/309?print=print\" class=\"pdfprnt-button pdfprnt-button-print\" target=\"_blank\"><img src=\"https:\/\/padrevasquez.com.ar\/inicio_WP\/wp-content\/plugins\/pdf-print\/images\/print.png\" alt=\"image_print\" title=\"Print Content\" \/><span class=\"pdfprnt-button-title pdfprnt-button-print-title\">Imprimir<\/span><\/a><\/div>","protected":false},"excerpt":{"rendered":"<p>Derecho de readmisi\u00f3n En lo que sigue, cuando se de diga &#8220;La Instituci\u00f3n&#8221;, se debe entender al &#8220;Colegio e Instituto Privado Padre V\u00e1squez&#8221;, sea en el Nivel Inicial, Nivel Primario y\/o Nivel Secundario, seg\u00fan corresponda. La Orden de la Merced es la propietaria legal de La Instituci\u00f3n. LA INSTITUCI\u00d3N se reserva el Derecho de Admisi\u00f3n. Las Madres, Padres y\/o Tutores responsables de los menores con la simple inscripci\u00f3n de los estudiantes en LA INSTITUCI\u00d3N se notifican y aceptan que: Los <a href=\"https:\/\/padrevasquez.com.ar\/inicio_WP\/derecho-de-readmision\/\" class=\"more-link\"><span>. . .<\/span><\/a><\/p>\n","protected":false},"author":1,"featured_media":0,"parent":0,"menu_order":0,"comment_status":"closed","ping_status":"closed","template":"","meta":{"_themeisle_gutenberg_block_has_review":false},"_links":{"self":[{"href":"https:\/\/padrevasquez.com.ar\/inicio_WP\/wp-json\/wp\/v2\/pages\/309"}],"collection":[{"href":"https:\/\/padrevasquez.com.ar\/inicio_WP\/wp-json\/wp\/v2\/pages"}],"about":[{"href":"https:\/\/padrevasquez.com.ar\/inicio_WP\/wp-json\/wp\/v2\/types\/page"}],"author":[{"embeddable":true,"href":"https:\/\/padrevasquez.com.ar\/inicio_WP\/wp-json\/wp\/v2\/users\/1"}],"replies":[{"embeddable":true,"href":"https:\/\/padrevasquez.com.ar\/inicio_WP\/wp-json\/wp\/v2\/comments?post=309"}],"version-history":[{"count":3,"href":"https:\/\/padrevasquez.com.ar\/inicio_WP\/wp-json\/wp\/v2\/pages\/309\/revisions"}],"predecessor-version":[{"id":1275,"href":"https:\/\/padrevasquez.com.ar\/inicio_WP\/wp-json\/wp\/v2\/pages\/309\/revisions\/1275"}],"wp:attachment":[{"href":"https:\/\/padrevasquez.com.ar\/inicio_WP\/wp-json\/wp\/v2\/media?parent=309"}],"curies":[{"name":"wp","href":"https:\/\/api.w.org\/{rel}","templated":true}]}}