{"id":311,"date":"2017-09-22T18:43:10","date_gmt":"2017-09-22T21:43:10","guid":{"rendered":"http:\/\/padrevasquez.com.ar\/inicio_WP\/?page_id=311"},"modified":"2020-04-11T16:34:34","modified_gmt":"2020-04-11T19:34:34","slug":"asistencia","status":"publish","type":"page","link":"https:\/\/padrevasquez.com.ar\/inicio_WP\/asistencia\/","title":{"rendered":"Asistencia"},"content":{"rendered":"<h1 style=\"text-align: center;\">Asistencia<\/h1>\n<p>La informaci\u00f3n sobre asistencia, permanencia y puntualidad tiene como referencia la Resoluci\u00f3n N\u00ba 446\u2014DGE-13.<\/p>\n<p>La asistencia anual de los estudiantes a clase deber\u00e1 alcanzar, como m\u00ednimo, el 85% de los d\u00edas establecidos en el calendario escolar. El estudiante que hubiere excedido el l\u00edmite de inasistencias institucionales, deber\u00e1 seguir concurriendo a clases, bajo la figura de \u201cEstudiante en situaci\u00f3n condicional\u201c, manteniendo las mismas obligaciones escolares.<\/p>\n<h2>Categorizaci\u00f3n de la Asistencia<\/h2>\n<p>La asistencia de los estudiantes tendr\u00e1 dos (2) categor\u00edas:<\/p>\n<ul>\n<li><em><strong>Asistencia institucional:<\/strong><\/em> Considera la concurrencia del estudiante al total de los d\u00edas de clase determinado por calendario escolar. Debe alcanzar, como m\u00ednimo, el 85% de asistencia.<\/li>\n<li><em><strong>Asistencia por espacio curricular:<\/strong><\/em> Considera la concurrencia del estudiante a la totalidad de las clases anuales determinadas para cada espacio curricular.<\/li>\n<\/ul>\n<h2>C\u00f3mputo de la asistencia, puntualidad en el ingreso y retiro durante la jornada escolar<\/h2>\n<p>El c\u00f3mputo de la asistencia institucional se encuentra regulado por turno completo. Las asistencias diarias de los estudiantes, se computar\u00e1n:<\/p>\n<ol>\n<li>Asistencia institucional diaria\n<ul>\n<li>Cuando la concurrencia obligue a un solo turno equivale a una (1) asistencia.<\/li>\n<li>Cuando la concurrencia obligue a actividades en contraturno: se considerara media asistencia por turno.<\/li>\n<\/ul>\n<\/li>\n<li>Puntualidad: M\u00e1s de diez minutos de tardanza se computar\u00e1 media inasistencia.<\/li>\n<li>Retiro de los estudiantes: El estudiante podr\u00e1 retirarse de la Instituci\u00f3n en horario de clases s\u00f3lo acompa\u00f1ado por un adulto responsable con firma registrada institucionalmente, dejando constancia escrita de la causa por la cual se produce el retiro. En casos de que la causa no est\u00e1 debidamente justificada, se computar\u00e1 media inasistencia.<\/li>\n<li>C\u00f3mputo de asistencia por espacio curricular: Se registra desde el inicio de clases y se computa sobre el total de la carga horaria anual establecida para cada espacio curricular. S\u00f3lo ser\u00e1 de aplicaci\u00f3n para el estudiante que hubiera excedido el l\u00edmite de las inasistencias institucionales.<\/li>\n<\/ol>\n<h2>L\u00edmite de las inasistencias institucionales. Procedimientos a aplicar<\/h2>\n<h3>Categor\u00eda de asistencia institucional:<\/h3>\n<ol>\n<li>Al alcanzar las 10 inasistencias, justificadas o no, se deber\u00e1 enviar una notificaci\u00f3n citando a los padres.<\/li>\n<li>Cuando el estudiante incurriere en un total de 20 inasistencias, se citara al adulto responsable a cargo a fin de notificarlo de la situaci\u00f3n de riesgo. En el caso de superar las 28 inasistencias el estudiante pasar\u00e1 a ser \u201cestudiante en situaci\u00f3n condicional\u201d.<\/li>\n<li>En el caso en que el estudiante haya superado el 15% de las inasistencias institucionales (28) y de ellas el 70% o m\u00e1s, se encuentren justificadas, el adulto responsable podr\u00e1 solicitar una extensi\u00f3n adicional de hasta 5 inasistencias m\u00e1s. Es atribuci\u00f3n del Director del nivel educativo otorgar la solicitada extensi\u00f3n.<\/li>\n<li>El estudiante que hubiere excedido el l\u00edmite de inasistencias institucionales establecidas, deber\u00e1 seguir concurriendo a clases manteniendo las mismas obligaciones escolares. El equipo directivo y el servicio de orientaci\u00f3n deber\u00e1n intervenir y arbitrar con el equipo de docentes las estrategias de ense\u00f1anza a fin de propiciar la permanencia de los estudiantes en la Instituci\u00f3n.<\/li>\n<\/ol>\n<h3>Categor\u00eda de asistencia por espacio curricular<\/h3>\n<ol>\n<li>Para un estudiante que hubiere excedido las inasistencias institucionales, se proceder\u00e1 a considerar las inasistencias por espacio curricular. En aquellos espacios donde el estudiante haya excedido inasistencias por el 15% de la carga horaria anual establecida, pasar\u00e1 a ser considerado estudiante en situaci\u00f3n condicional. En esta instancia deber\u00e1 rendir cada uno de los espacios curriculares en los que se hallara en esta situaci\u00f3n, durante la instancia de Ex\u00e1menes Complementarios de diciembre y sucesivos.<\/li>\n<li>A partir que el estudiante ingresa en situaci\u00f3n de condicional, se deber\u00e1 consignar en la libreta del profesor, en el bolet\u00edn del estudiante y en el libro anual, y solo se completar\u00e1 con la calificaci\u00f3n obtenida en las instancias de ex\u00e1menes de diciembre y sucesivas.<\/li>\n<\/ol>\n<h3>Justificaciones<\/h3>\n<p>La justificaci\u00f3n de toda inasistencia o tardanza deber\u00e1 ser solicitada por el padre o tutor mediante nota que el estudiante debe presentar al reintegrarse a la Instituci\u00f3n. Al pedido de justificaci\u00f3n motivado por enfermedad en n\u00famero mayor de dos (2) d\u00edas deber\u00e1 adjuntarse certificado m\u00e9dico.<\/p>\n<p>&nbsp;<\/p>\n<div class=\"pdfprnt-buttons pdfprnt-buttons-page pdfprnt-bottom-right\"><a href=\"https:\/\/padrevasquez.com.ar\/inicio_WP\/wp-json\/wp\/v2\/pages\/311?print=pdf\" class=\"pdfprnt-button pdfprnt-button-pdf\" target=\"_blank\"><img src=\"https:\/\/padrevasquez.com.ar\/inicio_WP\/wp-content\/plugins\/pdf-print\/images\/pdf.png\" alt=\"image_pdf\" title=\"View PDF\" \/><span class=\"pdfprnt-button-title pdfprnt-button-pdf-title\">Convertir a PDF<\/span><\/a><a href=\"https:\/\/padrevasquez.com.ar\/inicio_WP\/wp-json\/wp\/v2\/pages\/311?print=print\" class=\"pdfprnt-button pdfprnt-button-print\" target=\"_blank\"><img src=\"https:\/\/padrevasquez.com.ar\/inicio_WP\/wp-content\/plugins\/pdf-print\/images\/print.png\" alt=\"image_print\" title=\"Print Content\" \/><span class=\"pdfprnt-button-title pdfprnt-button-print-title\">Imprimir<\/span><\/a><\/div>","protected":false},"excerpt":{"rendered":"<p>Asistencia La informaci\u00f3n sobre asistencia, permanencia y puntualidad tiene como referencia la Resoluci\u00f3n N\u00ba 446\u2014DGE-13. La asistencia anual de los estudiantes a clase deber\u00e1 alcanzar, como m\u00ednimo, el 85% de los d\u00edas establecidos en el calendario escolar. El estudiante que hubiere excedido el l\u00edmite de inasistencias institucionales, deber\u00e1 seguir concurriendo a clases, bajo la figura de \u201cEstudiante en situaci\u00f3n condicional\u201c, manteniendo las mismas obligaciones escolares. Categorizaci\u00f3n de la Asistencia La asistencia de los estudiantes tendr\u00e1 dos (2) categor\u00edas: Asistencia institucional: <a href=\"https:\/\/padrevasquez.com.ar\/inicio_WP\/asistencia\/\" class=\"more-link\"><span>. . .<\/span><\/a><\/p>\n","protected":false},"author":1,"featured_media":0,"parent":0,"menu_order":0,"comment_status":"closed","ping_status":"closed","template":"template-full-width.php","meta":{"_themeisle_gutenberg_block_has_review":false},"_links":{"self":[{"href":"https:\/\/padrevasquez.com.ar\/inicio_WP\/wp-json\/wp\/v2\/pages\/311"}],"collection":[{"href":"https:\/\/padrevasquez.com.ar\/inicio_WP\/wp-json\/wp\/v2\/pages"}],"about":[{"href":"https:\/\/padrevasquez.com.ar\/inicio_WP\/wp-json\/wp\/v2\/types\/page"}],"author":[{"embeddable":true,"href":"https:\/\/padrevasquez.com.ar\/inicio_WP\/wp-json\/wp\/v2\/users\/1"}],"replies":[{"embeddable":true,"href":"https:\/\/padrevasquez.com.ar\/inicio_WP\/wp-json\/wp\/v2\/comments?post=311"}],"version-history":[{"count":4,"href":"https:\/\/padrevasquez.com.ar\/inicio_WP\/wp-json\/wp\/v2\/pages\/311\/revisions"}],"predecessor-version":[{"id":315,"href":"https:\/\/padrevasquez.com.ar\/inicio_WP\/wp-json\/wp\/v2\/pages\/311\/revisions\/315"}],"wp:attachment":[{"href":"https:\/\/padrevasquez.com.ar\/inicio_WP\/wp-json\/wp\/v2\/media?parent=311"}],"curies":[{"name":"wp","href":"https:\/\/api.w.org\/{rel}","templated":true}]}}