{"id":320,"date":"2017-09-22T18:53:51","date_gmt":"2017-09-22T21:53:51","guid":{"rendered":"http:\/\/padrevasquez.com.ar\/inicio_WP\/?page_id=320"},"modified":"2020-04-11T16:39:48","modified_gmt":"2020-04-11T19:39:48","slug":"portal-estudiantil","status":"publish","type":"page","link":"https:\/\/padrevasquez.com.ar\/inicio_WP\/portal-estudiantil\/","title":{"rendered":"Portal estudiantil"},"content":{"rendered":"<h1 style=\"text-align: center;\">Portal estudiantil<\/h1>\n<p>El Colegio e Instituto Padre V\u00e1squez, a trav\u00e9s de su portal estudiantil, pone a disposici\u00f3n de sus estudiantes:<\/p>\n<ul>\n<li>El enlace externo al portal estudiantil de la <a href=\"http:\/\/educacion.gob.ar\/secretaria-de-politicas-universitarias\" target=\"_blank\" rel=\"noopener noreferrer\">Subsecretaria de Gesti\u00f3n y Coordinaci\u00f3n de Pol\u00edticas Universitarias<\/a>: un espacio virtual para que puedan guiarse los estudiantes secundarios al momento de decidir qu\u00e9 carrera estudiar tras finalizar la secundaria.<\/li>\n<li>Auto Test de Orientaci\u00f3n Vocacional \/ Profesional CHASIDE: Es un formulario simple que es empleado en varias provincias argentinas para investigar sobre la orientaci\u00f3n vocacional. El enlace remite al formulario que est\u00e1 en nuestro sitio de descargas con el t\u00edtulo &#8220;<a href=\"http:\/\/padrevasquez.com.ar\/inicio_WP\/descargas-de-secundaria\/\" target=\"_blank\" rel=\"noopener noreferrer\">Cuadernillo CHASIDE<\/a>&#8221; (que puede descargarse desde este bot\u00f3n: <a href=\"https:\/\/padrevasquez.com.ar\/inicio_WP\/?ddownload=207\" title=\"Descarga\" rel=\"nofollow\" class=\"ddownload-button button-blue id-207 ext-pdf\">Descarga<\/a>).<\/li>\n<\/ul>\n<p>Esperamos sus comentarios para colocar m\u00e1s y mejores enlaces.<\/p>\n<p>Las consultas realizadas por medio del formulario de comentarios ser\u00e1n ignoradas. Por favor, emplee el <a href=\"https:\/\/padrevasquez.com.ar\/inicio_WP\/contacto\/\">formulario de contacto<\/a> para realizar consultas, porque puede dirigir mejor su consulta. Gracias.<\/p>\n<div class=\"pdfprnt-buttons pdfprnt-buttons-page pdfprnt-bottom-right\"><a href=\"https:\/\/padrevasquez.com.ar\/inicio_WP\/wp-json\/wp\/v2\/pages\/320?print=pdf\" class=\"pdfprnt-button pdfprnt-button-pdf\" target=\"_blank\"><img src=\"https:\/\/padrevasquez.com.ar\/inicio_WP\/wp-content\/plugins\/pdf-print\/images\/pdf.png\" alt=\"image_pdf\" title=\"View PDF\" \/><span class=\"pdfprnt-button-title pdfprnt-button-pdf-title\">Convertir a PDF<\/span><\/a><a href=\"https:\/\/padrevasquez.com.ar\/inicio_WP\/wp-json\/wp\/v2\/pages\/320?print=print\" class=\"pdfprnt-button pdfprnt-button-print\" target=\"_blank\"><img src=\"https:\/\/padrevasquez.com.ar\/inicio_WP\/wp-content\/plugins\/pdf-print\/images\/print.png\" alt=\"image_print\" title=\"Print Content\" \/><span class=\"pdfprnt-button-title pdfprnt-button-print-title\">Imprimir<\/span><\/a><\/div>","protected":false},"excerpt":{"rendered":"<p>Portal estudiantil El Colegio e Instituto Padre V\u00e1squez, a trav\u00e9s de su portal estudiantil, pone a disposici\u00f3n de sus estudiantes: El enlace externo al portal estudiantil de la Subsecretaria de Gesti\u00f3n y Coordinaci\u00f3n de Pol\u00edticas Universitarias: un espacio virtual para que puedan guiarse los estudiantes secundarios al momento de decidir qu\u00e9 carrera estudiar tras finalizar la secundaria. Auto Test de Orientaci\u00f3n Vocacional \/ Profesional CHASIDE: Es un formulario simple que es empleado en varias provincias argentinas para investigar sobre la <a href=\"https:\/\/padrevasquez.com.ar\/inicio_WP\/portal-estudiantil\/\" class=\"more-link\"><span>. . .<\/span><\/a><\/p>\n","protected":false},"author":1,"featured_media":0,"parent":0,"menu_order":0,"comment_status":"closed","ping_status":"closed","template":"template-full-width.php","meta":{"_themeisle_gutenberg_block_has_review":false},"_links":{"self":[{"href":"https:\/\/padrevasquez.com.ar\/inicio_WP\/wp-json\/wp\/v2\/pages\/320"}],"collection":[{"href":"https:\/\/padrevasquez.com.ar\/inicio_WP\/wp-json\/wp\/v2\/pages"}],"about":[{"href":"https:\/\/padrevasquez.com.ar\/inicio_WP\/wp-json\/wp\/v2\/types\/page"}],"author":[{"embeddable":true,"href":"https:\/\/padrevasquez.com.ar\/inicio_WP\/wp-json\/wp\/v2\/users\/1"}],"replies":[{"embeddable":true,"href":"https:\/\/padrevasquez.com.ar\/inicio_WP\/wp-json\/wp\/v2\/comments?post=320"}],"version-history":[{"count":4,"href":"https:\/\/padrevasquez.com.ar\/inicio_WP\/wp-json\/wp\/v2\/pages\/320\/revisions"}],"predecessor-version":[{"id":844,"href":"https:\/\/padrevasquez.com.ar\/inicio_WP\/wp-json\/wp\/v2\/pages\/320\/revisions\/844"}],"wp:attachment":[{"href":"https:\/\/padrevasquez.com.ar\/inicio_WP\/wp-json\/wp\/v2\/media?parent=320"}],"curies":[{"name":"wp","href":"https:\/\/api.w.org\/{rel}","templated":true}]}}