{"id":323,"date":"2017-09-22T18:59:58","date_gmt":"2017-09-22T21:59:58","guid":{"rendered":"http:\/\/padrevasquez.com.ar\/inicio_WP\/?page_id=323"},"modified":"2020-11-11T10:06:11","modified_gmt":"2020-11-11T13:06:11","slug":"proyectos-estudiantiles","status":"publish","type":"page","link":"https:\/\/padrevasquez.com.ar\/inicio_WP\/proyectos-estudiantiles\/","title":{"rendered":"Proyectos estudiantiles"},"content":{"rendered":"<h1 style=\"text-align: center;\">Proyectos estudiantiles<\/h1>\n<p>En lo que sigue, cuando se de diga &#8220;LA INSTITUCI\u00d3N&#8221;, se debe entender al &#8220;Colegio e Instituto Privado Padre V\u00e1squez&#8221;, sea en el Nivel Inicial, Nivel Primario y\/o Nivel Secundario, seg\u00fan corresponda. La Orden de la Merced es la propietaria legal de LA INSTITUCI\u00d3N.<\/p>\n<p>Este es un espacio para la presentaci\u00f3n de proyectos estudiantiles desarrollados por los estudiantes de LA INSTITUCI\u00d3N y tiende a fortalecer la responsabilidad social, el trabajo colaborativo, la capacidad emprendedora y de liderazgo en los estudiantes.<\/p>\n<p>LA INSTITUCI\u00d3N considera que la escuela es un espacio maravilloso para implementar proyectos interdisciplinarios y trabajos colaborativos donde los estudiantes exploren temas que les permitan demostrar su modo de ver el mundo y de mostrar sus habilidades y creatividad en un marco definido por el Proyecto Educativo Mercedario (<a href=\"https:\/\/padrevasquez.com.ar\/inicio_WP\/?ddownload=46\" title=\"Descarga\" rel=\"nofollow\" class=\"ddownload-button button-blue id-46 ext-pdf\">Descarga<\/a>).<\/p>\n<p>Los estudiantes realizan su proyecto por medio de una composici\u00f3n original con formato de libro (con cubierta, contenido con ejemplos o ejercicios e ilustraciones). El proyecto final ser\u00e1 publicado en formato electr\u00f3nico y estar\u00e1 disponible para la descarga en este mismo espacio.<\/p>\n<p>No hay l\u00edmite para el desarrollo de proyectos. Como ejemplos, las l\u00edneas de proyectos pueden considerar proyectos de escritura, de ciencias sociales o comunitarias, de ciencias naturales y de matem\u00e1tica, \u00e1lgebra, estad\u00edsticas o mediciones.<\/p>\n<p>En este espacio tambi\u00e9n se presentan datos interesantes que estimulan los enfoques cr\u00edticos de la realidad a partir del conocimiento aprendido en LA INSTITUCI\u00d3N.<\/p>\n<h2>Datos interesantes<\/h2>\n<h3>Proyectos colaborativos por internet desde Colombia.<\/h3>\n<p><a href=\"http:\/\/eduteka.icesi.edu.co\/fgpu\/\" target=\"_blank\" rel=\"noopener noreferrer\">Eduteka <\/a>es parte de la Fundaci\u00f3n Gabriel Piedrahita Uribe, instituci\u00f3n sin \u00e1nimo de lucro dedicada a mejorar la calidad de la educaci\u00f3n b\u00e1sica y media en Colombia mediante el uso y la aplicaci\u00f3n de las Tecnolog\u00edas de Informaci\u00f3n y Comunicaciones (TIC). Presenta una interesante metodolog\u00eda para realizar proyectos educativos colaborativos.<\/p>\n<h2>\u00a1Cuidado con los recursos naturales!<\/h2>\n<p>Existen espacios de recopilaci\u00f3n de datos de campo sobre recursos naturales usando como mano de obra a los estudiantes primarios y secundarios de todo el mundo bajo la idea de proyectos colaborativos mundiales. Los m\u00e1s conocidos son:<\/p>\n<ul>\n<li><a href=\"https:\/\/www.globe.gov\/es\" target=\"_blank\" rel=\"noopener noreferrer\">The Global Learning and Observations to Benefit the Environment (GLOBE)<\/a> es un programa que se presenta con el objetivo de mejorar la comprensi\u00f3n, mantener y mejorar el medio ambiente de la Tierra a escala local, regional y global.<\/li>\n<li><a href=\"http:\/\/www.k12science.org\/curriculum\/tempproj\/\" target=\"_blank\" rel=\"noopener noreferrer\">Global Sun Temperature Project<\/a> es un proyecto donde se miden las temperaturas y las horas de exposici\u00f3n solar.<\/li>\n<li><a href=\"http:\/\/www.k12science.org\/curriculum\/waterproj\/\" target=\"_blank\" rel=\"noopener noreferrer\">Global Water Sampling Project<\/a> es un proyecto donde se recopila informaci\u00f3n para evaluar la \u201ccalidad del agua dulce\u201d en base a las caracter\u00edsticas f\u00edsicas y sustancias qu\u00edmicas, buscando relaciones y tendencias entre los datos recopilados por todos los participantes del proyecto.<\/li>\n<li>Y algo m\u00e1s, <a href=\"http:\/\/www.k12science.org\/\" target=\"_blank\" rel=\"noopener noreferrer\">si se busca apropiadamente<\/a>.<\/li>\n<\/ul>\n<p>Esperamos sus comentarios para incorporar m\u00e1s proyectos colaborativos.<\/p>\n<p>Por favor, emplee el <a href=\"https:\/\/padrevasquez.com.ar\/inicio_WP\/contacto\/\">formulario de contacto<\/a> para realizar consultas, porque puede dirigir mejor su consulta. Gracias.<\/p>\n<p>&nbsp;<\/p>\n<div class=\"pdfprnt-buttons pdfprnt-buttons-page pdfprnt-bottom-right\"><a href=\"https:\/\/padrevasquez.com.ar\/inicio_WP\/wp-json\/wp\/v2\/pages\/323?print=pdf\" class=\"pdfprnt-button pdfprnt-button-pdf\" target=\"_blank\"><img src=\"https:\/\/padrevasquez.com.ar\/inicio_WP\/wp-content\/plugins\/pdf-print\/images\/pdf.png\" alt=\"image_pdf\" title=\"View PDF\" \/><span class=\"pdfprnt-button-title pdfprnt-button-pdf-title\">Convertir a PDF<\/span><\/a><a href=\"https:\/\/padrevasquez.com.ar\/inicio_WP\/wp-json\/wp\/v2\/pages\/323?print=print\" class=\"pdfprnt-button pdfprnt-button-print\" target=\"_blank\"><img src=\"https:\/\/padrevasquez.com.ar\/inicio_WP\/wp-content\/plugins\/pdf-print\/images\/print.png\" alt=\"image_print\" title=\"Print Content\" \/><span class=\"pdfprnt-button-title pdfprnt-button-print-title\">Imprimir<\/span><\/a><\/div>","protected":false},"excerpt":{"rendered":"<p>Proyectos estudiantiles En lo que sigue, cuando se de diga &#8220;LA INSTITUCI\u00d3N&#8221;, se debe entender al &#8220;Colegio e Instituto Privado Padre V\u00e1squez&#8221;, sea en el Nivel Inicial, Nivel Primario y\/o Nivel Secundario, seg\u00fan corresponda. La Orden de la Merced es la propietaria legal de LA INSTITUCI\u00d3N. Este es un espacio para la presentaci\u00f3n de proyectos estudiantiles desarrollados por los estudiantes de LA INSTITUCI\u00d3N y tiende a fortalecer la responsabilidad social, el trabajo colaborativo, la capacidad emprendedora y de liderazgo en <a href=\"https:\/\/padrevasquez.com.ar\/inicio_WP\/proyectos-estudiantiles\/\" class=\"more-link\"><span>. . .<\/span><\/a><\/p>\n","protected":false},"author":1,"featured_media":0,"parent":0,"menu_order":0,"comment_status":"closed","ping_status":"closed","template":"","meta":{"_themeisle_gutenberg_block_has_review":false},"_links":{"self":[{"href":"https:\/\/padrevasquez.com.ar\/inicio_WP\/wp-json\/wp\/v2\/pages\/323"}],"collection":[{"href":"https:\/\/padrevasquez.com.ar\/inicio_WP\/wp-json\/wp\/v2\/pages"}],"about":[{"href":"https:\/\/padrevasquez.com.ar\/inicio_WP\/wp-json\/wp\/v2\/types\/page"}],"author":[{"embeddable":true,"href":"https:\/\/padrevasquez.com.ar\/inicio_WP\/wp-json\/wp\/v2\/users\/1"}],"replies":[{"embeddable":true,"href":"https:\/\/padrevasquez.com.ar\/inicio_WP\/wp-json\/wp\/v2\/comments?post=323"}],"version-history":[{"count":6,"href":"https:\/\/padrevasquez.com.ar\/inicio_WP\/wp-json\/wp\/v2\/pages\/323\/revisions"}],"predecessor-version":[{"id":1294,"href":"https:\/\/padrevasquez.com.ar\/inicio_WP\/wp-json\/wp\/v2\/pages\/323\/revisions\/1294"}],"wp:attachment":[{"href":"https:\/\/padrevasquez.com.ar\/inicio_WP\/wp-json\/wp\/v2\/media?parent=323"}],"curies":[{"name":"wp","href":"https:\/\/api.w.org\/{rel}","templated":true}]}}

<h1 style="text-align: center;">Proyectos estudiantiles</h1>
<p>En lo que sigue, cuando se de diga &#8220;LA INSTITUCIÓN&#8221;, se debe entender al &#8220;Colegio e Instituto Privado Padre Vásquez&#8221;, sea en el Nivel Inicial, Nivel Primario y/o Nivel Secundario, según corresponda. La Orden de la Merced es la propietaria legal de LA INSTITUCIÓN.</p>
<p>Este es un espacio para la presentación de proyectos estudiantiles desarrollados por los estudiantes de LA INSTITUCIÓN y tiende a fortalecer la responsabilidad social, el trabajo colaborativo, la capacidad emprendedora y de liderazgo en los estudiantes.</p>
<p>LA INSTITUCIÓN considera que la escuela es un espacio maravilloso para implementar proyectos interdisciplinarios y trabajos colaborativos donde los estudiantes exploren temas que les permitan demostrar su modo de ver el mundo y de mostrar sus habilidades y creatividad en un marco definido por el Proyecto Educativo Mercedario (<a href="https://padrevasquez.com.ar/inicio_WP/?ddownload=46" title="Descarga" rel="nofollow" class="ddownload-button button-blue id-46 ext-pdf">Descarga</a>).</p>
<p>Los estudiantes realizan su proyecto por medio de una composición original con formato de libro (con cubierta, contenido con ejemplos o ejercicios e ilustraciones). El proyecto final será publicado en formato electrónico y estará disponible para la descarga en este mismo espacio.</p>
<p>No hay límite para el desarrollo de proyectos. Como ejemplos, las líneas de proyectos pueden considerar proyectos de escritura, de ciencias sociales o comunitarias, de ciencias naturales y de matemática, álgebra, estadísticas o mediciones.</p>
<p>En este espacio también se presentan datos interesantes que estimulan los enfoques críticos de la realidad a partir del conocimiento aprendido en LA INSTITUCIÓN.</p>
<h2>Datos interesantes</h2>
<h3>Proyectos colaborativos por internet desde Colombia.</h3>
<p><a href="http://eduteka.icesi.edu.co/fgpu/" target="_blank" rel="noopener noreferrer">Eduteka </a>es parte de la Fundación Gabriel Piedrahita Uribe, institución sin ánimo de lucro dedicada a mejorar la calidad de la educación básica y media en Colombia mediante el uso y la aplicación de las Tecnologías de Información y Comunicaciones (TIC). Presenta una interesante metodología para realizar proyectos educativos colaborativos.</p>
<h2>¡Cuidado con los recursos naturales!</h2>
<p>Existen espacios de recopilación de datos de campo sobre recursos naturales usando como mano de obra a los estudiantes primarios y secundarios de todo el mundo bajo la idea de proyectos colaborativos mundiales. Los más conocidos son:</p>
<ul>
<li><a href="https://www.globe.gov/es" target="_blank" rel="noopener noreferrer">The Global Learning and Observations to Benefit the Environment (GLOBE)</a> es un programa que se presenta con el objetivo de mejorar la comprensión, mantener y mejorar el medio ambiente de la Tierra a escala local, regional y global.</li>
<li><a href="http://www.k12science.org/curriculum/tempproj/" target="_blank" rel="noopener noreferrer">Global Sun Temperature Project</a> es un proyecto donde se miden las temperaturas y las horas de exposición solar.</li>
<li><a href="http://www.k12science.org/curriculum/waterproj/" target="_blank" rel="noopener noreferrer">Global Water Sampling Project</a> es un proyecto donde se recopila información para evaluar la “calidad del agua dulce” en base a las características físicas y sustancias químicas, buscando relaciones y tendencias entre los datos recopilados por todos los participantes del proyecto.</li>
<li>Y algo más, <a href="http://www.k12science.org/" target="_blank" rel="noopener noreferrer">si se busca apropiadamente</a>.</li>
</ul>
<p>Esperamos sus comentarios para incorporar más proyectos colaborativos.</p>
<p>Por favor, emplee el <a href="https://padrevasquez.com.ar/inicio_WP/contacto/">formulario de contacto</a> para realizar consultas, porque puede dirigir mejor su consulta. Gracias.</p>
<p>&nbsp;</p>
<div class="pdfprnt-buttons pdfprnt-buttons-page pdfprnt-bottom-right"><a href="https://padrevasquez.com.ar/inicio_WP/wp-json/wp/v2/pages/323?print=pdf" class="pdfprnt-button pdfprnt-button-pdf" target="_blank"><img src="https://padrevasquez.com.ar/inicio_WP/wp-content/plugins/pdf-print/images/pdf.png" alt="image_pdf" title="View PDF" /><span class="pdfprnt-button-title pdfprnt-button-pdf-title">Convertir a PDF</span></a><a href="https://padrevasquez.com.ar/inicio_WP/wp-json/wp/v2/pages/323?print=print" class="pdfprnt-button pdfprnt-button-print" target="_blank"><img src="https://padrevasquez.com.ar/inicio_WP/wp-content/plugins/pdf-print/images/print.png" alt="image_print" title="Print Content" /><span class="pdfprnt-button-title pdfprnt-button-print-title">Imprimir</span></a></div>

<p>Proyectos estudiantiles En lo que sigue, cuando se de diga &#8220;LA INSTITUCIÓN&#8221;, se debe entender al &#8220;Colegio e Instituto Privado Padre Vásquez&#8221;, sea en el Nivel Inicial, Nivel Primario y/o Nivel Secundario, según corresponda. La Orden de la Merced es la propietaria legal de LA INSTITUCIÓN. Este es un espacio para la presentación de proyectos estudiantiles desarrollados por los estudiantes de LA INSTITUCIÓN y tiende a fortalecer la responsabilidad social, el trabajo colaborativo, la capacidad emprendedora y de liderazgo en <a href="https://padrevasquez.com.ar/inicio_WP/proyectos-estudiantiles/" class="more-link"><span>. . .</span></a></p>
