{"id":326,"date":"2017-09-22T19:01:05","date_gmt":"2017-09-22T22:01:05","guid":{"rendered":"http:\/\/padrevasquez.com.ar\/inicio_WP\/?page_id=326"},"modified":"2020-11-11T09:59:47","modified_gmt":"2020-11-11T12:59:47","slug":"padres","status":"publish","type":"page","link":"https:\/\/padrevasquez.com.ar\/inicio_WP\/padres\/","title":{"rendered":"Padres"},"content":{"rendered":"<h1 style=\"text-align: center;\">Padres<\/h1>\n<p>En lo que sigue, cuando se de diga &#8220;LA INSTITUCI\u00d3N&#8221;, se debe entender al &#8220;Colegio e Instituto Privado Padre V\u00e1squez&#8221;, sea en el Nivel Inicial, Nivel Primario y\/o Nivel Secundario, seg\u00fan corresponda. La Orden de la Merced es la propietaria legal de LA INSTITUCI\u00d3N.<\/p>\n<p>Reciban una calurosa bienvenida y la mejor disposici\u00f3n para colaborar en la formaci\u00f3n de sus hijos.<\/p>\n<p>Basta decir que educar es una tarea que no s\u00f3lo le compete al equipo docente de LA INSTITUCI\u00d3N, sino tambi\u00e9n a ustedes, porque depositan su confianza para que eduquemos libremente a sus hijos e hijas.<\/p>\n<p>Agradecemos la oportunidad que nos brindan para llevar a cabo nuestra misi\u00f3n y su confianza, y esperamos responder a sus expectativas es esta delicada labor.<\/p>\n<p>A trav\u00e9s de este espacio tendr\u00e1n acceso a informaci\u00f3n importante de la Instituci\u00f3n que les permitir\u00e1 aclarar muchas de las dudas diarias. Para aspectos m\u00e1s personales, siempre se podr\u00e1n comunicar empleando los formularios de contacto.<\/p>\n<p>&nbsp;<\/p>\n<div class=\"pdfprnt-buttons pdfprnt-buttons-page pdfprnt-bottom-right\"><a href=\"https:\/\/padrevasquez.com.ar\/inicio_WP\/wp-json\/wp\/v2\/pages\/326?print=pdf\" class=\"pdfprnt-button pdfprnt-button-pdf\" target=\"_blank\"><img src=\"https:\/\/padrevasquez.com.ar\/inicio_WP\/wp-content\/plugins\/pdf-print\/images\/pdf.png\" alt=\"image_pdf\" title=\"View PDF\" \/><span class=\"pdfprnt-button-title pdfprnt-button-pdf-title\">Convertir a PDF<\/span><\/a><a href=\"https:\/\/padrevasquez.com.ar\/inicio_WP\/wp-json\/wp\/v2\/pages\/326?print=print\" class=\"pdfprnt-button pdfprnt-button-print\" target=\"_blank\"><img src=\"https:\/\/padrevasquez.com.ar\/inicio_WP\/wp-content\/plugins\/pdf-print\/images\/print.png\" alt=\"image_print\" title=\"Print Content\" \/><span class=\"pdfprnt-button-title pdfprnt-button-print-title\">Imprimir<\/span><\/a><\/div>","protected":false},"excerpt":{"rendered":"<p>Padres En lo que sigue, cuando se de diga &#8220;LA INSTITUCI\u00d3N&#8221;, se debe entender al &#8220;Colegio e Instituto Privado Padre V\u00e1squez&#8221;, sea en el Nivel Inicial, Nivel Primario y\/o Nivel Secundario, seg\u00fan corresponda. La Orden de la Merced es la propietaria legal de LA INSTITUCI\u00d3N. Reciban una calurosa bienvenida y la mejor disposici\u00f3n para colaborar en la formaci\u00f3n de sus hijos. Basta decir que educar es una tarea que no s\u00f3lo le compete al equipo docente de LA INSTITUCI\u00d3N, sino <a href=\"https:\/\/padrevasquez.com.ar\/inicio_WP\/padres\/\" class=\"more-link\"><span>. . .<\/span><\/a><\/p>\n","protected":false},"author":1,"featured_media":0,"parent":0,"menu_order":0,"comment_status":"closed","ping_status":"closed","template":"","meta":{"_themeisle_gutenberg_block_has_review":false},"_links":{"self":[{"href":"https:\/\/padrevasquez.com.ar\/inicio_WP\/wp-json\/wp\/v2\/pages\/326"}],"collection":[{"href":"https:\/\/padrevasquez.com.ar\/inicio_WP\/wp-json\/wp\/v2\/pages"}],"about":[{"href":"https:\/\/padrevasquez.com.ar\/inicio_WP\/wp-json\/wp\/v2\/types\/page"}],"author":[{"embeddable":true,"href":"https:\/\/padrevasquez.com.ar\/inicio_WP\/wp-json\/wp\/v2\/users\/1"}],"replies":[{"embeddable":true,"href":"https:\/\/padrevasquez.com.ar\/inicio_WP\/wp-json\/wp\/v2\/comments?post=326"}],"version-history":[{"count":2,"href":"https:\/\/padrevasquez.com.ar\/inicio_WP\/wp-json\/wp\/v2\/pages\/326\/revisions"}],"predecessor-version":[{"id":1289,"href":"https:\/\/padrevasquez.com.ar\/inicio_WP\/wp-json\/wp\/v2\/pages\/326\/revisions\/1289"}],"wp:attachment":[{"href":"https:\/\/padrevasquez.com.ar\/inicio_WP\/wp-json\/wp\/v2\/media?parent=326"}],"curies":[{"name":"wp","href":"https:\/\/api.w.org\/{rel}","templated":true}]}}

<h1 style="text-align: center;">Padres</h1>
<p>En lo que sigue, cuando se de diga &#8220;LA INSTITUCIÓN&#8221;, se debe entender al &#8220;Colegio e Instituto Privado Padre Vásquez&#8221;, sea en el Nivel Inicial, Nivel Primario y/o Nivel Secundario, según corresponda. La Orden de la Merced es la propietaria legal de LA INSTITUCIÓN.</p>
<p>Reciban una calurosa bienvenida y la mejor disposición para colaborar en la formación de sus hijos.</p>
<p>Basta decir que educar es una tarea que no sólo le compete al equipo docente de LA INSTITUCIÓN, sino también a ustedes, porque depositan su confianza para que eduquemos libremente a sus hijos e hijas.</p>
<p>Agradecemos la oportunidad que nos brindan para llevar a cabo nuestra misión y su confianza, y esperamos responder a sus expectativas es esta delicada labor.</p>
<p>A través de este espacio tendrán acceso a información importante de la Institución que les permitirá aclarar muchas de las dudas diarias. Para aspectos más personales, siempre se podrán comunicar empleando los formularios de contacto.</p>
<p>&nbsp;</p>
<div class="pdfprnt-buttons pdfprnt-buttons-page pdfprnt-bottom-right"><a href="https://padrevasquez.com.ar/inicio_WP/wp-json/wp/v2/pages/326?print=pdf" class="pdfprnt-button pdfprnt-button-pdf" target="_blank"><img src="https://padrevasquez.com.ar/inicio_WP/wp-content/plugins/pdf-print/images/pdf.png" alt="image_pdf" title="View PDF" /><span class="pdfprnt-button-title pdfprnt-button-pdf-title">Convertir a PDF</span></a><a href="https://padrevasquez.com.ar/inicio_WP/wp-json/wp/v2/pages/326?print=print" class="pdfprnt-button pdfprnt-button-print" target="_blank"><img src="https://padrevasquez.com.ar/inicio_WP/wp-content/plugins/pdf-print/images/print.png" alt="image_print" title="Print Content" /><span class="pdfprnt-button-title pdfprnt-button-print-title">Imprimir</span></a></div>

<p>Padres En lo que sigue, cuando se de diga &#8220;LA INSTITUCIÓN&#8221;, se debe entender al &#8220;Colegio e Instituto Privado Padre Vásquez&#8221;, sea en el Nivel Inicial, Nivel Primario y/o Nivel Secundario, según corresponda. La Orden de la Merced es la propietaria legal de LA INSTITUCIÓN. Reciban una calurosa bienvenida y la mejor disposición para colaborar en la formación de sus hijos. Basta decir que educar es una tarea que no sólo le compete al equipo docente de LA INSTITUCIÓN, sino <a href="https://padrevasquez.com.ar/inicio_WP/padres/" class="more-link"><span>. . .</span></a></p>
