{"id":526,"date":"2017-10-23T20:56:20","date_gmt":"2017-10-23T23:56:20","guid":{"rendered":"http:\/\/padrevasquez.com.ar\/inicio_WP\/?page_id=526"},"modified":"2020-11-10T20:32:38","modified_gmt":"2020-11-10T23:32:38","slug":"actualizar-datos","status":"publish","type":"page","link":"https:\/\/padrevasquez.com.ar\/inicio_WP\/actualizar-datos\/","title":{"rendered":"Actualizar datos"},"content":{"rendered":"<h2 style=\"text-align: center;\">Actualizaci\u00f3n de datos personales<\/h2>\n<p>Disponer de los datos actualizados nos beneficia a todos. Como Estudiante, piensa en las siguientes ventajas de mantener actualizados los datos:<\/p>\n<ul>\n<li>Agiliza el proceso de inscripci\u00f3n,<\/li>\n<li>Facilita la localizaci\u00f3n de la Madre, Padre o Tutor en caso de una necesaria comunicaci\u00f3n<\/li>\n<\/ul>\n<p>Como Docente o Auxiliar, las principales ventajas se relacionan con la impresi\u00f3n de los recibos de sueldo.<\/p>\n<p>Adelante, es simple. Y la informaci\u00f3n es confidencial. <a href=\"https:\/\/www.padrevasquez.com.ar\/DatosPersonales\/\" target=\"_blank\" rel=\"noopener noreferrer\">Consulta nuestra base de datos por medio de este enlace<\/a>.<\/p>\n<p style=\"text-align: left;\">Gracias por su tiempo.<\/p>\n<p>Cualquier duda, por favor comunicarse con el Equipo de Conducci\u00f3n empleando el <a href=\"http:\/\/padrevasquez.com.ar\/inicio_WP\/contacto\/\" target=\"_blank\" rel=\"noopener noreferrer\">formulario de contacto<\/a>.<\/p>\n<blockquote><p><em>Aquellos que dicen que no puede hacerse, no deber\u00edan interrumpir a quienes lo est\u00e1n haciendo<\/em><\/p><\/blockquote>\n<p style=\"text-align: right;\"><em>Proverbio chino<\/em><\/p>\n<p><em><strong>Observaci\u00f3n <\/strong><\/em><\/p>\n<p>La informaci\u00f3n presentada en esta base de datos es s\u00f3lo aplicable a los actuales integrantes de la comunidad educativa, sean estos Estudiantes, Docentes y Auxiliares, y  NO aplica a postulantes a\u00fan no inscriptos y aceptados.<\/p>\n<div class=\"pdfprnt-buttons pdfprnt-buttons-page pdfprnt-bottom-right\"><a href=\"https:\/\/padrevasquez.com.ar\/inicio_WP\/wp-json\/wp\/v2\/pages\/526?print=pdf\" class=\"pdfprnt-button pdfprnt-button-pdf\" target=\"_blank\"><img src=\"https:\/\/padrevasquez.com.ar\/inicio_WP\/wp-content\/plugins\/pdf-print\/images\/pdf.png\" alt=\"image_pdf\" title=\"View PDF\" \/><span class=\"pdfprnt-button-title pdfprnt-button-pdf-title\">Convertir a PDF<\/span><\/a><a href=\"https:\/\/padrevasquez.com.ar\/inicio_WP\/wp-json\/wp\/v2\/pages\/526?print=print\" class=\"pdfprnt-button pdfprnt-button-print\" target=\"_blank\"><img src=\"https:\/\/padrevasquez.com.ar\/inicio_WP\/wp-content\/plugins\/pdf-print\/images\/print.png\" alt=\"image_print\" title=\"Print Content\" \/><span class=\"pdfprnt-button-title pdfprnt-button-print-title\">Imprimir<\/span><\/a><\/div>","protected":false},"excerpt":{"rendered":"<p>Actualizaci\u00f3n de datos personales Disponer de los datos actualizados nos beneficia a todos. Como Estudiante, piensa en las siguientes ventajas de mantener actualizados los datos: Agiliza el proceso de inscripci\u00f3n, Facilita la localizaci\u00f3n de la Madre, Padre o Tutor en caso de una necesaria comunicaci\u00f3n Como Docente o Auxiliar, las principales ventajas se relacionan con la impresi\u00f3n de los recibos de sueldo. Adelante, es simple. Y la informaci\u00f3n es confidencial. Consulta nuestra base de datos por medio de este enlace. <a href=\"https:\/\/padrevasquez.com.ar\/inicio_WP\/actualizar-datos\/\" class=\"more-link\"><span>. . .<\/span><\/a><\/p>\n","protected":false},"author":1,"featured_media":0,"parent":0,"menu_order":0,"comment_status":"closed","ping_status":"closed","template":"","meta":{"_themeisle_gutenberg_block_has_review":false},"_links":{"self":[{"href":"https:\/\/padrevasquez.com.ar\/inicio_WP\/wp-json\/wp\/v2\/pages\/526"}],"collection":[{"href":"https:\/\/padrevasquez.com.ar\/inicio_WP\/wp-json\/wp\/v2\/pages"}],"about":[{"href":"https:\/\/padrevasquez.com.ar\/inicio_WP\/wp-json\/wp\/v2\/types\/page"}],"author":[{"embeddable":true,"href":"https:\/\/padrevasquez.com.ar\/inicio_WP\/wp-json\/wp\/v2\/users\/1"}],"replies":[{"embeddable":true,"href":"https:\/\/padrevasquez.com.ar\/inicio_WP\/wp-json\/wp\/v2\/comments?post=526"}],"version-history":[{"count":12,"href":"https:\/\/padrevasquez.com.ar\/inicio_WP\/wp-json\/wp\/v2\/pages\/526\/revisions"}],"predecessor-version":[{"id":1254,"href":"https:\/\/padrevasquez.com.ar\/inicio_WP\/wp-json\/wp\/v2\/pages\/526\/revisions\/1254"}],"wp:attachment":[{"href":"https:\/\/padrevasquez.com.ar\/inicio_WP\/wp-json\/wp\/v2\/media?parent=526"}],"curies":[{"name":"wp","href":"https:\/\/api.w.org\/{rel}","templated":true}]}}